ainder when 629 is divided by 350.
279
Calculate the remainder when 34991 is divided by 946.
935
Calculate the remainder when 4218 is divided by 23.
9
What is the remainder when 1158 is divided by 581?
577
Calculate the remainder when 2250005 is divided by 146.
145
Calculate the remainder when 23727 is divided by 3.
0
What is the remainder when 6131 is divided by 437?
13
What is the remainder when 18110 is divided by 1131?
14
Calculate the remainder when 9254 is divided by 125.
4
Calculate the remainder when 52081 is divided by 669.
568
What is the remainder when 219095 is divided by 40?
15
Calculate the remainder when 37382 is divided by 813.
797
Calculate the remainder when 1441 is divided by 90.
1
Calculate the remainder when 485959 is divided by 20.
19
Calculate the remainder when 3008211 is divided by 641.
639
What is the remainder when 27274 is divided by 118?
16
Calculate the remainder when 28532 is divided by 67.
57
What is the remainder when 2441 is divided by 670?
431
What is the remainder when 2689 is divided by 303?
265
Calculate the remainder when 376356 is divided by 1234.
1220
Calculate the remainder when 6081 is divided by 732.
225
Calculate the remainder when 72328 is divided by 23908.
604
Calculate the remainder when 56243 is divided by 4.
3
Calculate the remainder when 9417 is divided by 393.
378
What is the remainder when 101419 is divided by 220?
219
Calculate the remainder when 7014 is divided by 1001.
7
What is the remainder when 95523 is divided by 549?
546
What is the remainder when 2883 is divided by 2875?
8
What is the remainder when 149208 is divided by 21314?
10
Calculate the remainder when 42237 is divided by 1456.
13
What is the remainder when 4766 is divided by 66?
14
What is the remainder when 1292 is divided by 117?
5
What is the remainder when 13879 is divided by 2307?
37
What is the remainder when 58037 is divided by 5?
2
Calculate the remainder when 4768 is divided by 843.
553
Calculate the remainder when 8906 is divided by 116.
90
Calculate the remainder when 17672 is divided by 30.
2
What is the remainder when 86314 is divided by 21570?
34
What is the remainder when 553845 is divided by 26?
19
What is the remainder when 4282 is divided by 1122?
916
What is the remainder when 171718 is divided by 1235?
53
Calculate the remainder when 276794 is divided by 22.
12
Calculate the remainder when 67296 is divided by 100.
96
What is the remainder when 137080 is divided by 495?
460
What is the remainder when 29195 is divided by 18?
17
What is the remainder when 18742 is divided by 57?
46
Calculate the remainder when 594071 is divided by 1338.
1337
Calculate the remainder when 372717 is divided by 314.
313
Calculate the remainder when 363 is divided by 14.
13
Calculate the remainder when 13078 is divided by 621.
37
Calculate the remainder when 26959 is divided by 108.
67
Calculate the remainder when 11327 is divided by 2826.
23
Calculate the remainder when 13828 is divided by 810.
58
What is the remainder when 144117 is divided by 24?
21
Calculate the remainder when 20245 is divided by 270.
265
What is the remainder when 157271 is divided by 443?
6
Calculate the remainder when 14221 is divided by 25.
21
Calculate the remainder when 33357 is divided by 693.
93
Calculate the remainder when 441511 is divided by 252.
7
Calculate the remainder when 955272 is divided by 626.
622
What is the remainder when 1422 is divided by 820?
602
Calculate the remainder when 317509 is divided by 61.
4
Calculate the remainder when 37360 is divided by 235.
230
What is the remainder when 113071 is divided by 557?
0
Calculate the remainder when 6327 is divided by 260.
87
Calculate the remainder when 39072 is divided by 39.
33
Calculate the remainder when 958 is divided by 60.
58
What is the remainder when 458 is divided by 208?
42
Calculate the remainder when 242911 is divided by 561.
559
What is the remainder when 30389 is divided by 30367?
22
What is the remainder when 8943 is divided by 347?
268
What is the remainder when 1616798 is divided by 98?
92
Calculate the remainder when 24526 is divided by 1457.
1214
What is the remainder when 110625 is divided by 212?
173
What is the remainder when 43022 is divided by 4780?
2
Calculate the remainder when 97634 is divided by 51.
20
What is the remainder when 26983 is divided by 8841?
460
What is the remainder when 2451 is divided by 1223?
5
What is the remainder when 8827 is divided by 135?
52
Calculate the remainder when 2135 is divided by 87.
47
Calculate the remainder when 25432 is divided by 116.
28
Calculate the remainder when 12208 is divided by 19.
10
What is the remainder when 532408 is divided by 939?
934
Calculate the remainder when 1023 is divided by 557.
466
What is the remainder when 1121627 is divided by 619?
618
Calculate the remainder when 132908 is divided by 188.
180
Calculate the remainder when 53423 is divided by 53.
52
Calculate the remainder when 1504 is divided by 218.
196
What is the remainder when 16873 is divided by 1685?
23
What is the remainder when 2815503 is divided by 30?
3
Calculate the remainder when 9349 is divided by 201.
103
What is the remainder when 12156 is divided by 2018?
48
What is the remainder when 3237 is divided by 1580?
77
What is the remainder when 4519 is divided by 167?
10
What is the remainder when 1730 is divided by 107?
18
What is the remainder when 170390 is divided by 56786?
32
What is the remainder when 29901 is divided by 1868?
13
What is the remainder when 225733 is divided by 101?
99
What is the remainder when 12572 is divided by 209?
32
What is the remainder when 75506 is divided by 161?
158
Calculate the remainder when 17739 is divided by 160.
139
What is the remainder when 336 is divided by 263?
73
Calculate the remainder when 45541 is divided by 82.
31
Calculate the remainder when 17821 is divided by 266.
265
Calculate the remainder when 34680 is divided by 34674.
6
Calculate the remainder when 13444 is divided by 13387.
57
Calculate the remainder when 29985 is divided by 29.
28
What is the remainder when 4953957 is divided by 33?
30
Calculate the remainder when 816748 is divided by 70.
58
What is the remainder when 216907 is divided by 545?
542
What is the remainder when 381292 is divided by 813?
808
What is the remainder when 2636 is divided by 410?
176
What is the remainder when 270 is divided by 150?
120
Calculate the remainder when 25087 is divided by 79.
44
What is the remainder when 4837 is divided by 2406?
25
What is the remainder when 92123 is divided by 118?
83
Calculate the remainder when 87321 is divided by 6237.
3
What is the remainder when 2642 is divided by 13?
3
Calculate the remainder when 42902 is divided by 86.
74
What is the remainder when 12743 is divided by 15?
8
What is the remainder when 1541 is divided by 170?
11
What is the remainder when 7568 is divided by 7401?
167
What is the remainder when 740025 is divided by 743?
740
Calculate the remainder when 86528 is divided by 1545.
8
What is the remainder when 4502 is divided by 51?
14
What is the remainder when 119816 is divided by 119807?
9
Calculate the remainder when 225276 is divided by 8.
4
Calculate the remainder when 5506 is divided by 191.
158
Calculate the remainder when 15395 is divided by 443.
333
Calculate the remainder when 14876 is divided by 1857.
20
What is the remainder when 1407 is divided by 25?
7
What is the remainder when 1878 is divided by 601?
75
Calculate the remainder when 5292 is divided by 486.
432
Calculate the remainder when 17925 is divided by 152.
141
What is the remainder when 5403 is divided by 81?
57
What is the remainder when 396607 is divided by 219?
217
What is the remainder when 3385 is divided by 563?
7
Calculate the remainder when 59119 is divided by 730.
719
Calculate the remainder when 18662 is divided by 1548.
86
What is the remainder when 306265 is divided by 136?
129
Calculate the remainder when 1193 is divided by 180.
113
What is the remainder when 1643 is divided by 4?
3
What is the remainder when 13090 is divided by 4345?
55
What is the remainder when 95012 is divided by 459?
458
What is the remainder when 7275 is divided by 428?
427
What is the remainder when 1407599 is divided by 200?
199
Calculate the rema